
--
-- Table structure for table `ebec_yoast_indexable`
--

CREATE TABLE `ebec_yoast_indexable` (
  `id` int(11) unsigned NOT NULL AUTO_INCREMENT,
  `permalink` longtext DEFAULT NULL,
  `permalink_hash` varchar(40) DEFAULT NULL,
  `object_id` bigint(20) DEFAULT NULL,
  `object_type` varchar(32) NOT NULL,
  `object_sub_type` varchar(32) DEFAULT NULL,
  `author_id` bigint(20) DEFAULT NULL,
  `post_parent` bigint(20) DEFAULT NULL,
  `title` text DEFAULT NULL,
  `description` mediumtext DEFAULT NULL,
  `breadcrumb_title` text DEFAULT NULL,
  `post_status` varchar(20) DEFAULT NULL,
  `is_public` tinyint(1) DEFAULT NULL,
  `is_protected` tinyint(1) DEFAULT 0,
  `has_public_posts` tinyint(1) DEFAULT NULL,
  `number_of_pages` int(11) unsigned DEFAULT NULL,
  `canonical` longtext DEFAULT NULL,
  `primary_focus_keyword` varchar(191) DEFAULT NULL,
  `primary_focus_keyword_score` int(3) DEFAULT NULL,
  `readability_score` int(3) DEFAULT NULL,
  `is_cornerstone` tinyint(1) DEFAULT 0,
  `is_robots_noindex` tinyint(1) DEFAULT 0,
  `is_robots_nofollow` tinyint(1) DEFAULT 0,
  `is_robots_noarchive` tinyint(1) DEFAULT 0,
  `is_robots_noimageindex` tinyint(1) DEFAULT 0,
  `is_robots_nosnippet` tinyint(1) DEFAULT 0,
  `twitter_title` text DEFAULT NULL,
  `twitter_image` longtext DEFAULT NULL,
  `twitter_description` longtext DEFAULT NULL,
  `twitter_image_id` varchar(191) DEFAULT NULL,
  `twitter_image_source` text DEFAULT NULL,
  `open_graph_title` text DEFAULT NULL,
  `open_graph_description` longtext DEFAULT NULL,
  `open_graph_image` longtext DEFAULT NULL,
  `open_graph_image_id` varchar(191) DEFAULT NULL,
  `open_graph_image_source` text DEFAULT NULL,
  `open_graph_image_meta` mediumtext DEFAULT NULL,
  `link_count` int(11) DEFAULT NULL,
  `incoming_link_count` int(11) DEFAULT NULL,
  `prominent_words_version` int(11) unsigned DEFAULT NULL,
  `created_at` datetime DEFAULT NULL,
  `updated_at` timestamp NOT NULL DEFAULT current_timestamp() ON UPDATE current_timestamp(),
  `blog_id` bigint(20) NOT NULL DEFAULT 1,
  `language` varchar(32) DEFAULT NULL,
  `region` varchar(32) DEFAULT NULL,
  `schema_page_type` varchar(64) DEFAULT NULL,
  `schema_article_type` varchar(64) DEFAULT NULL,
  `has_ancestors` tinyint(1) DEFAULT 0,
  `estimated_reading_time_minutes` int(11) DEFAULT NULL,
  `version` int(11) DEFAULT 1,
  `object_last_modified` datetime DEFAULT NULL,
  `object_published_at` datetime DEFAULT NULL,
  `inclusive_language_score` int(3) DEFAULT NULL,
  PRIMARY KEY (`id`),
  KEY `object_type_and_sub_type` (`object_type`,`object_sub_type`),
  KEY `object_id_and_type` (`object_id`,`object_type`),
  KEY `permalink_hash_and_object_type` (`permalink_hash`,`object_type`),
  KEY `subpages` (`post_parent`,`object_type`,`post_status`,`object_id`),
  KEY `prominent_words` (`prominent_words_version`,`object_type`,`object_sub_type`,`post_status`),
  KEY `published_sitemap_index` (`object_published_at`,`is_robots_noindex`,`object_type`,`object_sub_type`)
) ENGINE=InnoDB AUTO_INCREMENT=159 DEFAULT CHARSET=utf8mb4 COLLATE=utf8mb4_unicode_520_ci;

--
-- Dumping data for table `ebec_yoast_indexable`
--

INSERT INTO `ebec_yoast_indexable` VALUES (1,'https://hathawayhealthcare.net/contact-us/','50:e8b2fcd1b831d825fe32fbb3e132dd14',6464,'post','page',1,0,NULL,'Hathaway Healthcare Staffing - the Premiere Global Choice for all Healthcare Staffing, Interim, & Executive Search for every Healthcare Spectrum! We work Coast to Coast, every time zone with teams strategically placed around the World! There is no limit, no place, no language, no role, no person, we can’t recruit for you to be your one-stop complete solution.','Contact us','publish',NULL,0,NULL,NULL,NULL,'Hathaway Healthcare Staffing',59,60,0,NULL,0,NULL,NULL,NULL,NULL,NULL,NULL,NULL,NULL,NULL,'Hathaway Healthcare Staffing - the Premiere Global Choice for all Healthcare Staffing, Interim, & Executive Search for every Healthcare Spectrum! We work Coast to Coast, every time zone with teams strategically placed around the World! There is no limit, no place, no language, no role, no person, we can’t recruit for you to be your one-stop complete solution.','https://hathawayhealthcare.net/wp-content/uploads/2024/09/cropped-8-Photoroom-e1726189300645.webp','6523','set-by-user','{\"width\":337,\"height\":351,\"filesize\":21230,\"url\":\"https://hathawayhealthcare.net/wp-content/uploads/2024/09/cropped-8-Photoroom-e1726189300645.webp\",\"path\":\"/home/atv2n1dvp3bc/public_html/hathawayhealthcare.net/wp-content/uploads/2024/09/cropped-8-Photoroom-e1726189300645.webp\",\"size\":\"full\",\"id\":\"6523\",\"alt\":\"\",\"pixels\":118287,\"type\":\"image/webp\"}',2,3,NULL,'2024-09-21 04:31:07','2025-01-14 06:51:11',1,NULL,NULL,'ContactPage','Article',0,2,2,'2025-01-14 04:55:19','2024-09-13 19:29:09',0),(2,'https://hathawayhealthcare.net/','39:fb5f1dbf9d15c0abf20649098d6e405e',NULL,'home-page',NULL,NULL,NULL,'%%sitename%% %%page%% %%sep%% %%sitedesc%%','Hathaway Healthcare Staffing is a frontrunner in Global Healthcare Staffing','Home',NULL,NULL,0,NULL,NULL,NULL,NULL,NULL,NULL,0,0,0,0,0,0,NULL,NULL,NULL,NULL,NULL,'%%sitename%%','','','0',NULL,NULL,NULL,1,NULL,'2024-09-21 04:31:07','2025-02-09 11:33:39',1,NULL,NULL,NULL,NULL,0,NULL,2,'2025-01-14 06:51:33',NULL,NULL),(3,'https://hathawayhealthcare.net/','39:fb5f1dbf9d15c0abf20649098d6e405e',344,'post','page',1,0,'%%title%% %%page%%','Hathaway Healthcare Staffing - has been Transforming Healthcare for over 20 years by targeting, attracting. We\'re the Premiere Global Choice for all Healthcare Staffing, Interim, & Hospital Staffing. Hospitality staffing solutions jobs, interim healthcare staffing agency...','Hathaway Healthcare Staffing','publish',NULL,0,NULL,NULL,NULL,'Healthcare Staffing Interim',65,60,0,NULL,0,NULL,NULL,NULL,NULL,NULL,NULL,NULL,NULL,NULL,'Hathaway healthcare staffing has been Transforming Healthcare for over 20 years by targeting, attracting. We\'re the Premiere Global Choice for all Healthcare Staffing, Interim, & Hospital Staffing.','https://hathawayhealthcare.net/wp-content/uploads/2024/09/10-Photoroom.webp','6548','set-by-user','{\"width\":500,\"height\":500,\"filesize\":18886,\"url\":\"https://hathawayhealthcare.net/wp-content/uploads/2024/09/10-Photoroom.webp\",\"path\":\"/home/atv2n1dvp3bc/public_html/hathawayhealthcare.net/wp-content/uploads/2024/09/10-Photoroom.webp\",\"size\":\"full\",\"id\":\"6548\",\"alt\":\"\",\"pixels\":250000,\"type\":\"image/webp\"}',2,NULL,NULL,'2024-09-21 04:31:07','2025-01-14 13:30:21',1,NULL,NULL,'MedicalWebPage','Article',0,5,2,'2025-01-14 06:30:20','2021-11-14 01:36:36',0),(4,'https://hathawayhealthcare.net/about-us/','48:2a8bdb7c2e59c0d35d3365b6063c9373',6445,'post','page',1,0,NULL,'Hathaway Healthcare Staffing has been Transforming Healthcare for over 20 years by targeting, attracting, and securing all of the right people to allow you to continue to evolve, reaching greater levels of care, capacity, and capabilities.','About us','publish',NULL,0,NULL,NULL,NULL,'hathaway healthcare staffing',66,30,0,NULL,0,NULL,NULL,NULL,NULL,NULL,NULL,NULL,NULL,NULL,'Hathaway Healthcare Staffing has been Transforming Healthcare for over 20 years by targeting, attracting, and securing all of the right people to allow you to continue to evolve, reaching greater levels of care, capacity, and capabilities.','https://hathawayhealthcare.net/wp-content/uploads/2024/09/cropped-8-Photoroom-e1726189300645.webp','6523','set-by-user','{\"width\":337,\"height\":351,\"filesize\":21230,\"url\":\"https://hathawayhealthcare.net/wp-content/uploads/2024/09/cropped-8-Photoroom-e1726189300645.webp\",\"path\":\"/home/atv2n1dvp3bc/public_html/hathawayhealthcare.net/wp-content/uploads/2024/09/cropped-8-Photoroom-e1726189300645.webp\",\"size\":\"full\",\"id\":\"6523\",\"alt\":\"\",\"pixels\":118287,\"type\":\"image/webp\"}',0,2,NULL,'2024-09-21 04:31:09','2025-01-14 06:51:11',1,NULL,NULL,'AboutPage','Article',0,2,2,'2025-01-09 06:34:38','2024-09-13 19:47:01',0),(5,NULL,NULL,NULL,'system-page','404',NULL,NULL,'Page not found %%sep%% %%sitename%%',NULL,'Error 404: Page not found',NULL,NULL,0,NULL,NULL,NULL,NULL,NULL,NULL,0,1,0,0,0,0,NULL,NULL,NULL,NULL,NULL,NULL,NULL,NULL,NULL,NULL,NULL,NULL,NULL,NULL,'2024-09-21 05:31:10','2024-09-22 13:55:12',1,NULL,NULL,NULL,NULL,0,NULL,1,NULL,NULL,NULL),(6,NULL,NULL,NULL,'system-page','search-result',NULL,NULL,'You searched for %%searchphrase%% %%page%% %%sep%% %%sitename%%',NULL,NULL,NULL,NULL,0,NULL,NULL,NULL,NULL,NULL,NULL,0,1,0,0,0,0,NULL,NULL,NULL,NULL,NULL,NULL,NULL,NULL,NULL,NULL,NULL,NULL,NULL,NULL,'2024-09-21 05:31:10','2024-09-22 13:55:12',1,NULL,NULL,NULL,NULL,0,NULL,1,NULL,NULL,NULL),(7,NULL,NULL,NULL,'date-archive',NULL,NULL,NULL,'%%date%% %%page%% %%sep%% %%sitename%%','',NULL,NULL,0,0,NULL,NULL,NULL,NULL,NULL,NULL,0,1,0,0,0,0,NULL,NULL,NULL,NULL,NULL,NULL,NULL,NULL,NULL,NULL,NULL,NULL,NULL,NULL,'2024-09-21 05:31:10','2024-09-22 13:55:12',1,NULL,NULL,NULL,NULL,0,NULL,1,NULL,NULL,NULL),(8,'https://hathawayhealthcare.net/healthcare-staffing-workforce/','69:2e9afe1e5128f0c8306398671db5556d',5909,'post','page',1,0,NULL,'Hathaway Healthcare Staffing -We can be an easy one stop quick solution to eliminate and minimize all of your challenges of when you having an mission critical open position, absence, when a key role unexpectedly becomes vacant is when we are able fill that role immediately.','Healthcare Staffing Workforce','publish',NULL,0,NULL,NULL,NULL,'hathaway healthcare staffing',68,30,0,NULL,0,NULL,NULL,NULL,NULL,NULL,NULL,NULL,NULL,NULL,'Hathaway Healthcare Staffing -We can be an easy one stop quick solution to eliminate and minimize all of your challenges of when you having an mission critical open position, absence, when a key role unexpectedly becomes vacant is when we are able fill that role immediately.','https://hathawayhealthcare.net/wp-content/uploads/2024/09/cropped-8-Photoroom-e1726189300645.webp','6523','set-by-user','{\"width\":337,\"height\":351,\"filesize\":21230,\"url\":\"https://hathawayhealthcare.net/wp-content/uploads/2024/09/cropped-8-Photoroom-e1726189300645.webp\",\"path\":\"/home/atv2n1dvp3bc/public_html/hathawayhealthcare.net/wp-content/uploads/2024/09/cropped-8-Photoroom-e1726189300645.webp\",\"size\":\"full\",\"id\":\"6523\",\"alt\":\"\",\"pixels\":118287,\"type\":\"image/webp\"}',1,NULL,NULL,'2024-09-21 05:31:11','2025-01-09 14:10:40',1,NULL,NULL,'FAQPage','Article',0,5,2,'2025-01-09 07:10:39','2019-09-09 19:32:18',0),(9,'https://hathawayhealthcare.net/texas-healthcare-staffing/','65:5d6fcc0d6592f09243bd20408bb9c5e2',6248,'post','page',1,0,NULL,NULL,'Texas healthcare staffing','publish',NULL,0,NULL,NULL,NULL,NULL,NULL,0,0,NULL,0,NULL,NULL,NULL,NULL,NULL,NULL,NULL,NULL,NULL,NULL,NULL,NULL,NULL,NULL,0,NULL,NULL,'2024-09-21 05:31:11','2024-09-22 13:55:12',1,NULL,NULL,NULL,NULL,0,NULL,2,'2024-09-12 05:36:04','2024-09-12 05:21:47',0),(10,'https://hathawayhealthcare.net/alaska-healthcare-staffing/','66:e1cc517a85f554e32ea4c7e3f403af77',6267,'post','page',1,0,NULL,NULL,'Alaska healthcare staffing','publish',NULL,0,NULL,NULL,NULL,NULL,NULL,0,0,NULL,0,NULL,NULL,NULL,NULL,NULL,NULL,NULL,NULL,NULL,NULL,NULL,NULL,NULL,NULL,0,NULL,NULL,'2024-09-21 05:31:11','2024-09-22 13:55:12',1,NULL,NULL,NULL,NULL,0,NULL,2,'2024-09-12 05:42:57','2024-09-12 05:38:32',0),(11,'https://hathawayhealthcare.net/alabama-healthcare-staffing/','67:c852d2eedb04ba6234f9277323e47b89',6268,'post','page',1,0,NULL,'Healthcare Staffing in Alabama. Workforce actively recruiting in all 50 States! Our clients include Hospitals, Medical Facilities, Healthcare Universities, Urgent Care Facilities, Medical Clinics, Nursing Organizations, Short & Long Care Facilities, and Private Physician Practices.','Alabama healthcare staffing','publish',NULL,0,NULL,NULL,NULL,'Healthcare Staffing Alabama',47,90,0,NULL,0,NULL,NULL,NULL,NULL,NULL,NULL,NULL,NULL,NULL,NULL,NULL,NULL,NULL,NULL,2,NULL,NULL,'2024-09-21 05:31:11','2025-01-14 13:51:33',1,NULL,NULL,NULL,NULL,0,1,2,'2025-01-14 06:51:33','2024-09-12 05:40:56',0),(12,'https://hathawayhealthcare.net/arkansas-healthcare-staffing/','68:f3084d10bc04c375ada397cca81f4743',6269,'post','page',1,0,NULL,NULL,'Arkansas healthcare staffing','publish',NULL,0,NULL,NULL,NULL,NULL,NULL,0,0,NULL,0,NULL,NULL,NULL,NULL,NULL,NULL,NULL,NULL,NULL,NULL,NULL,NULL,NULL,NULL,0,NULL,NULL,'2024-09-21 05:31:11','2024-09-22 13:55:12',1,NULL,NULL,NULL,NULL,0,NULL,2,'2024-09-12 05:45:11','2024-09-12 05:44:42',0),(13,'https://hathawayhealthcare.net/american-samoa-healthcare-staffing/','74:cc047418d28a4dca9f838ebceab85730',6270,'post','page',1,0,NULL,NULL,'American Samoa healthcare staffing','publish',NULL,0,NULL,NULL,NULL,NULL,NULL,0,0,NULL,0,NULL,NULL,NULL,NULL,NULL,NULL,NULL,NULL,NULL,NULL,NULL,NULL,NULL,NULL,0,NULL,NULL,'2024-09-21 05:31:11','2024-09-22 13:55:12',1,NULL,NULL,NULL,NULL,0,NULL,2,'2024-09-12 05:50:15','2024-09-12 05:49:58',0),(14,'https://hathawayhealthcare.net/arizona-healthcare-staffing/','67:4b7b4873aeb7e903a70a934781092878',6271,'post','page',1,0,NULL,NULL,'Arizona healthcare staffing','publish',NULL,0,NULL,NULL,NULL,NULL,NULL,0,0,NULL,0,NULL,NULL,NULL,NULL,NULL,NULL,NULL,NULL,NULL,NULL,NULL,NULL,NULL,NULL,0,NULL,NULL,'2024-09-21 05:31:11','2024-09-22 13:55:12',1,NULL,NULL,NULL,NULL,0,NULL,2,'2024-09-12 05:52:33','2024-09-12 05:52:03',0),(15,'https://hathawayhealthcare.net/california-healthcare-staffing/','70:df6e0393b7451ab0c053829cf8cd5876',6272,'post','page',1,0,NULL,NULL,'California healthcare staffing','publish',NULL,0,NULL,NULL,NULL,NULL,NULL,0,0,NULL,0,NULL,NULL,NULL,NULL,NULL,NULL,NULL,NULL,NULL,NULL,NULL,NULL,NULL,NULL,0,NULL,NULL,'2024-09-21 05:31:11','2024-09-22 13:55:12',1,NULL,NULL,NULL,NULL,0,NULL,2,'2024-09-12 05:54:41','2024-09-12 05:54:15',0),(16,'https://hathawayhealthcare.net/colorado-healthcare-staffing/','68:7a62a44ea15eef29be216cb27f3a9567',6273,'post','page',1,0,NULL,NULL,'Colorado healthcare staffing','publish',NULL,0,NULL,NULL,NULL,NULL,NULL,0,0,NULL,0,NULL,NULL,NULL,NULL,NULL,NULL,NULL,NULL,NULL,NULL,NULL,NULL,NULL,NULL,0,NULL,NULL,'2024-09-21 05:31:11','2024-09-22 13:55:12',1,NULL,NULL,NULL,NULL,0,NULL,2,'2024-09-12 05:56:04','2024-09-12 05:55:48',0),(17,'https://hathawayhealthcare.net/connecticut-healthcare-staffing/','71:4aa2fbefe838f5586d8fafc5225f9890',6274,'post','page',1,0,NULL,NULL,'Connecticut healthcare staffing','publish',NULL,0,NULL,NULL,NULL,NULL,NULL,0,0,NULL,0,NULL,NULL,NULL,NULL,NULL,NULL,NULL,NULL,NULL,NULL,NULL,NULL,NULL,NULL,0,NULL,NULL,'2024-09-21 05:31:11','2024-09-22 13:55:12',1,NULL,NULL,NULL,NULL,0,NULL,2,'2024-09-12 05:57:25','2024-09-12 05:57:05',0),(18,'https://hathawayhealthcare.net/district-of-columbia-healthcare-staffing/','80:0f88c255127b2e92488ddb1246634bf4',6275,'post','page',1,0,NULL,NULL,'District of Columbia healthcare staffing','publish',NULL,0,NULL,NULL,NULL,NULL,NULL,0,0,NULL,0,NULL,NULL,NULL,NULL,NULL,NULL,NULL,NULL,NULL,NULL,NULL,NULL,NULL,NULL,0,NULL,NULL,'2024-09-21 05:31:11','2024-09-22 13:55:12',1,NULL,NULL,NULL,NULL,0,NULL,2,'2024-09-12 06:01:27','2024-09-12 06:01:02',0),(19,'https://hathawayhealthcare.net/delaware-healthcare-staffing/','68:cbd18b8918584b672f09ad4ccc5979dd',6276,'post','page',1,0,NULL,NULL,'Delaware healthcare staffing','publish',NULL,0,NULL,NULL,NULL,NULL,NULL,0,0,NULL,0,NULL,NULL,NULL,NULL,NULL,NULL,NULL,NULL,NULL,NULL,NULL,NULL,NULL,NULL,0,NULL,NULL,'2024-09-21 05:31:11','2024-09-22 13:55:12',1,NULL,NULL,NULL,NULL,0,NULL,2,'2024-09-12 06:02:57','2024-09-12 06:02:29',0),(20,'https://hathawayhealthcare.net/florida-healthcare-staffing/','67:bdd4868b29e1ea60429b16a857b1e25e',6259,'post','page',1,0,NULL,NULL,'Florida healthcare staffing','publish',NULL,0,NULL,NULL,NULL,NULL,NULL,0,0,NULL,0,NULL,NULL,NULL,NULL,NULL,NULL,NULL,NULL,NULL,NULL,NULL,NULL,NULL,NULL,0,NULL,NULL,'2024-09-21 05:31:11','2024-09-22 13:55:12',1,NULL,NULL,NULL,NULL,0,NULL,2,'2024-09-12 06:05:14','2024-09-12 06:04:56',0),(21,'https://hathawayhealthcare.net/georgia-healthcare-staffing/','67:c1cec2ddbaa636e3aa31ea3d29fa3f0c',6307,'post','page',1,0,NULL,NULL,'Georgia healthcare staffing','publish',NULL,0,NULL,NULL,NULL,NULL,NULL,0,0,NULL,0,NULL,NULL,NULL,NULL,NULL,NULL,NULL,NULL,NULL,NULL,NULL,NULL,NULL,NULL,0,NULL,NULL,'2024-09-21 05:31:11','2024-09-22 13:55:12',1,NULL,NULL,NULL,NULL,0,NULL,2,'2024-09-12 06:06:38','2024-09-12 06:06:17',0),(22,'https://hathawayhealthcare.net/guam-healthcare-staffing/','64:2e4a18ef2e42c94eca9ce9f006d345e2',6306,'post','page',1,0,NULL,NULL,'Guam healthcare staffing','publish',NULL,0,NULL,NULL,NULL,NULL,NULL,0,0,NULL,0,NULL,NULL,NULL,NULL,NULL,NULL,NULL,NULL,NULL,NULL,NULL,NULL,NULL,NULL,0,NULL,NULL,'2024-09-21 05:31:11','2024-09-22 13:55:12',1,NULL,NULL,NULL,NULL,0,NULL,2,'2024-09-12 06:08:25','2024-09-12 06:08:03',0),(23,'https://hathawayhealthcare.net/category/uncategorized/','62:47b7b44682a8c8a853508671dabf3506',1,'term','category',NULL,NULL,NULL,NULL,'Uncategorized',NULL,NULL,0,NULL,NULL,NULL,NULL,NULL,NULL,0,NULL,NULL,NULL,NULL,NULL,NULL,NULL,NULL,NULL,NULL,NULL,NULL,NULL,NULL,NULL,NULL,0,NULL,NULL,'2024-09-21 05:31:11','2024-09-22 13:55:12',1,NULL,NULL,NULL,NULL,0,NULL,2,NULL,NULL,NULL),(24,'https://hathawayhealthcare.net/category/food-for-thought/','65:c4b19f1678532d41b5f73a12f785fa0e',21,'term','category',NULL,NULL,NULL,NULL,'Food for thought',NULL,NULL,0,NULL,NULL,NULL,NULL,NULL,NULL,0,NULL,NULL,NULL,NULL,NULL,NULL,NULL,NULL,NULL,NULL,NULL,NULL,NULL,NULL,NULL,NULL,0,NULL,NULL,'2024-09-21 05:31:11','2024-09-22 13:55:12',1,NULL,NULL,NULL,NULL,0,NULL,2,NULL,NULL,NULL),(25,'https://hathawayhealthcare.net/category/gaming/','55:5f639e03441ac78d2ea580b486e9dade',22,'term','category',NULL,NULL,NULL,NULL,'Gaming',NULL,NULL,0,NULL,NULL,NULL,NULL,NULL,NULL,0,NULL,NULL,NULL,NULL,NULL,NULL,NULL,NULL,NULL,NULL,NULL,NULL,NULL,NULL,NULL,NULL,0,NULL,NULL,'2024-09-21 05:31:11','2024-09-22 13:55:12',1,NULL,NULL,NULL,NULL,0,NULL,2,NULL,NULL,NULL),(26,'https://hathawayhealthcare.net/category/music/','54:8312ee38a8403eafbae2764bffc5fc36',23,'term','category',NULL,NULL,NULL,NULL,'Music',NULL,NULL,0,NULL,NULL,NULL,NULL,NULL,NULL,0,NULL,NULL,NULL,NULL,NULL,NULL,NULL,NULL,NULL,NULL,NULL,NULL,NULL,NULL,NULL,NULL,0,NULL,NULL,'2024-09-21 05:31:11','2024-09-22 13:55:12',1,NULL,NULL,NULL,NULL,0,NULL,2,NULL,NULL,NULL),(27,'https://hathawayhealthcare.net/tag/art/','47:5664c63ad4631fa589e6a705c5241201',24,'term','post_tag',NULL,NULL,NULL,NULL,'Art',NULL,NULL,0,NULL,NULL,NULL,NULL,NULL,NULL,0,NULL,NULL,NULL,NULL,NULL,NULL,NULL,NULL,NULL,NULL,NULL,NULL,NULL,NULL,NULL,NULL,0,NULL,NULL,'2024-09-21 05:31:11','2024-09-22 13:55:12',1,NULL,NULL,NULL,NULL,0,NULL,2,NULL,NULL,NULL),(28,'https://hathawayhealthcare.net/tag/awesome/','51:1b507fc6701b75e9d9fce6fb04356972',25,'term','post_tag',NULL,NULL,NULL,NULL,'Awesome',NULL,NULL,0,NULL,NULL,NULL,NULL,NULL,NULL,0,NULL,NULL,NULL,NULL,NULL,NULL,NULL,NULL,NULL,NULL,NULL,NULL,NULL,NULL,NULL,NULL,0,NULL,NULL,'2024-09-21 05:31:11','2024-09-22 13:55:12',1,NULL,NULL,NULL,NULL,0,NULL,2,NULL,NULL,NULL),(29,'https://hathawayhealthcare.net/tag/cars/','48:b19db67af90a632d08664e1fa31a4cf4',26,'term','post_tag',NULL,NULL,NULL,NULL,'Cars',NULL,NULL,0,NULL,NULL,NULL,NULL,NULL,NULL,0,NULL,NULL,NULL,NULL,NULL,NULL,NULL,NULL,NULL,NULL,NULL,NULL,NULL,NULL,NULL,NULL,0,NULL,NULL,'2024-09-21 05:31:11','2024-09-22 13:55:12',1,NULL,NULL,NULL,NULL,0,NULL,2,NULL,NULL,NULL),(30,'https://hathawayhealthcare.net/tag/classic/','51:eb5a28ac907126710325fa5cb13befb3',27,'term','post_tag',NULL,NULL,NULL,NULL,'Classic',NULL,NULL,0,NULL,NULL,NULL,NULL,NULL,NULL,0,NULL,NULL,NULL,NULL,NULL,NULL,NULL,NULL,NULL,NULL,NULL,NULL,NULL,NULL,NULL,NULL,0,NULL,NULL,'2024-09-21 05:31:11','2024-09-22 13:55:12',1,NULL,NULL,NULL,NULL,0,NULL,2,NULL,NULL,NULL),(31,'https://hathawayhealthcare.net/tag/custom/','50:c8858a8dd12f6d77bd1ef4570cab78f9',28,'term','post_tag',NULL,NULL,NULL,NULL,'Custom',NULL,NULL,0,NULL,NULL,NULL,NULL,NULL,NULL,0,NULL,NULL,NULL,NULL,NULL,NULL,NULL,NULL,NULL,NULL,NULL,NULL,NULL,NULL,NULL,NULL,0,NULL,NULL,'2024-09-21 05:31:11','2024-09-22 13:55:12',1,NULL,NULL,NULL,NULL,0,NULL,2,NULL,NULL,NULL),(32,'https://hathawayhealthcare.net/tag/data/','48:1a41e268e63827b7b2147f42914d0fa5',29,'term','post_tag',NULL,NULL,NULL,NULL,'Data',NULL,NULL,0,NULL,NULL,NULL,NULL,NULL,NULL,0,NULL,NULL,NULL,NULL,NULL,NULL,NULL,NULL,NULL,NULL,NULL,NULL,NULL,NULL,NULL,NULL,0,NULL,NULL,'2024-09-21 05:31:11','2024-09-22 13:55:12',1,NULL,NULL,NULL,NULL,0,NULL,2,NULL,NULL,NULL),(33,'https://hathawayhealthcare.net/tag/epic/','48:a15720c92f3a09ac1778295573206b3d',30,'term','post_tag',NULL,NULL,NULL,NULL,'Epic',NULL,NULL,0,NULL,NULL,NULL,NULL,NULL,NULL,0,NULL,NULL,NULL,NULL,NULL,NULL,NULL,NULL,NULL,NULL,NULL,NULL,NULL,NULL,NULL,NULL,0,NULL,NULL,'2024-09-21 05:31:11','2024-09-22 13:55:12',1,NULL,NULL,NULL,NULL,0,NULL,2,NULL,NULL,NULL),(34,'https://hathawayhealthcare.net/tag/funny/','49:23fb67c7947501f246cb09d5c55233b2',31,'term','post_tag',NULL,NULL,NULL,NULL,'Funny',NULL,NULL,0,NULL,NULL,NULL,NULL,NULL,NULL,0,NULL,NULL,NULL,NULL,NULL,NULL,NULL,NULL,NULL,NULL,NULL,NULL,NULL,NULL,NULL,NULL,0,NULL,NULL,'2024-09-21 05:31:11','2024-09-22 13:55:12',1,NULL,NULL,NULL,NULL,0,NULL,2,NULL,NULL,NULL),(35,'https://hathawayhealthcare.net/tag/gaming-tips/','55:16bc01a07d2f39ba8d4e2898341537e1',32,'term','post_tag',NULL,NULL,NULL,NULL,'Gaming Tips',NULL,NULL,0,NULL,NULL,NULL,NULL,NULL,NULL,0,NULL,NULL,NULL,NULL,NULL,NULL,NULL,NULL,NULL,NULL,NULL,NULL,NULL,NULL,NULL,NULL,0,NULL,NULL,'2024-09-21 05:31:11','2024-09-22 13:55:12',1,NULL,NULL,NULL,NULL,0,NULL,2,NULL,NULL,NULL),(36,'https://hathawayhealthcare.net/tag/music/','49:976e47fc28587ec7b7d6aac99e068606',33,'term','post_tag',NULL,NULL,NULL,NULL,'Music',NULL,NULL,0,NULL,NULL,NULL,NULL,NULL,NULL,0,NULL,NULL,NULL,NULL,NULL,NULL,NULL,NULL,NULL,NULL,NULL,NULL,NULL,NULL,NULL,NULL,0,NULL,NULL,'2024-09-21 05:31:11','2024-09-22 13:55:12',1,NULL,NULL,NULL,NULL,0,NULL,2,NULL,NULL,NULL),(37,'https://hathawayhealthcare.net/tag/photography/','55:7b72b37acea4e7589f28fb3a484dc8eb',34,'term','post_tag',NULL,NULL,NULL,NULL,'Photography',NULL,NULL,0,NULL,NULL,NULL,NULL,NULL,NULL,0,NULL,NULL,NULL,NULL,NULL,NULL,NULL,NULL,NULL,NULL,NULL,NULL,NULL,NULL,NULL,NULL,0,NULL,NULL,'2024-09-21 05:31:11','2024-09-22 13:55:12',1,NULL,NULL,NULL,NULL,0,NULL,2,NULL,NULL,NULL),(38,'https://hathawayhealthcare.net/hawaii-healthcare-staffing/','66:a83eb3d388656a85011501504936d5f6',6305,'post','page',1,0,NULL,NULL,'Hawaii healthcare staffing','publish',NULL,0,NULL,NULL,NULL,NULL,NULL,0,0,NULL,0,NULL,NULL,NULL,NULL,NULL,NULL,NULL,NULL,NULL,NULL,NULL,NULL,NULL,NULL,0,NULL,NULL,'2024-09-21 05:52:45','2024-09-22 13:55:12',1,NULL,NULL,NULL,NULL,0,NULL,2,'2024-09-12 06:09:32','2024-09-12 06:09:15',0),(39,'https://hathawayhealthcare.net/idaho-healthcare-staffing/','65:d4c581cd9439d41597171a8259461459',6304,'post','page',1,0,NULL,NULL,'Idaho healthcare staffing','publish',NULL,0,NULL,NULL,NULL,NULL,NULL,0,0,NULL,0,NULL,NULL,NULL,NULL,NULL,NULL,NULL,NULL,NULL,NULL,NULL,NULL,NULL,NULL,0,NULL,NULL,'2024-09-21 05:52:45','2024-09-22 14:05:27',1,NULL,NULL,NULL,NULL,0,NULL,2,'2024-09-12 06:10:53','2024-09-12 06:10:30',0),(40,'https://hathawayhealthcare.net/iowa-healthcare-staffing/','64:9e1407bab6b98a91a9c447f66691fc70',6303,'post','page',1,0,NULL,NULL,'Iowa healthcare staffing','publish',NULL,0,NULL,NULL,NULL,NULL,NULL,0,0,NULL,0,NULL,NULL,NULL,NULL,NULL,NULL,NULL,NULL,NULL,NULL,NULL,NULL,NULL,NULL,0,NULL,NULL,'2024-09-21 05:52:45','2024-09-22 14:05:27',1,NULL,NULL,NULL,NULL,0,NULL,2,'2024-09-12 06:13:25','2024-09-12 06:11:55',0),(41,'https://hathawayhealthcare.net/illinois-healthcare-staffing/','68:3b1b7bd9a92efe373dbd15ade93fb682',6302,'post','page',1,0,NULL,NULL,'Illinois healthcare staffing','publish',NULL,0,NULL,NULL,NULL,NULL,NULL,0,0,NULL,0,NULL,NULL,NULL,NULL,NULL,NULL,NULL,NULL,NULL,NULL,NULL,NULL,NULL,NULL,0,NULL,NULL,'2024-09-21 05:52:45','2024-09-22 14:05:27',1,NULL,NULL,NULL,NULL,0,NULL,2,'2024-09-12 06:14:26','2024-09-12 06:14:08',0),(42,'https://hathawayhealthcare.net/indiana-healthcare-staffing/','67:71c8780e09e373091d1681a7269a1371',6301,'post','page',1,0,NULL,NULL,'Indiana healthcare staffing','publish',NULL,0,NULL,NULL,NULL,NULL,NULL,0,0,NULL,0,NULL,NULL,NULL,NULL,NULL,NULL,NULL,NULL,NULL,NULL,NULL,NULL,NULL,NULL,0,NULL,NULL,'2024-09-21 05:52:45','2024-09-22 14:05:27',1,NULL,NULL,NULL,NULL,0,NULL,2,'2024-09-12 06:15:49','2024-09-12 06:15:17',0),(43,'https://hathawayhealthcare.net/kansas-healthcare-staffing/','66:66cd89e0598d6eb9695090bb9cc7da45',6300,'post','page',1,0,NULL,NULL,'Kansas healthcare staffing','publish',NULL,0,NULL,NULL,NULL,NULL,NULL,0,0,NULL,0,NULL,NULL,NULL,NULL,NULL,NULL,NULL,NULL,NULL,NULL,NULL,NULL,NULL,NULL,0,NULL,NULL,'2024-09-21 05:52:45','2024-09-22 14:05:27',1,NULL,NULL,NULL,NULL,0,NULL,2,'2024-09-12 06:17:19','2024-09-12 06:17:19',0),(44,'https://hathawayhealthcare.net/kentucky-healthcare-staffing/','68:37eebaa8172fe226718e91b697d43955',6299,'post','page',1,0,NULL,NULL,'Kentucky healthcare staffing','publish',NULL,0,NULL,NULL,NULL,NULL,NULL,0,0,NULL,0,NULL,NULL,NULL,NULL,NULL,NULL,NULL,NULL,NULL,NULL,NULL,NULL,NULL,NULL,0,NULL,NULL,'2024-09-21 05:52:45','2024-09-22 14:05:27',1,NULL,NULL,NULL,NULL,0,NULL,2,'2024-09-12 06:18:40','2024-09-12 06:18:40',0),(45,'https://hathawayhealthcare.net/louisiana-healthcare-staffing/','69:97ae6af3188fc4fdf57893bbff64ea60',6298,'post','page',1,0,NULL,NULL,'Louisiana healthcare staffing','publish',NULL,0,NULL,NULL,NULL,NULL,NULL,0,0,NULL,0,NULL,NULL,NULL,NULL,NULL,NULL,NULL,NULL,NULL,NULL,NULL,NULL,NULL,NULL,0,NULL,NULL,'2024-09-21 05:52:45','2024-09-22 14:05:27',1,NULL,NULL,NULL,NULL,0,NULL,2,'2024-09-12 06:20:20','2024-09-12 06:20:20',0),(46,'https://hathawayhealthcare.net/massachusetts-healthcare-staffing/','73:8822c4fab46411d5638825d26753d86d',6297,'post','page',1,0,NULL,NULL,'Massachusetts healthcare staffing','publish',NULL,0,NULL,NULL,NULL,NULL,NULL,0,0,NULL,0,NULL,NULL,NULL,NULL,NULL,NULL,NULL,NULL,NULL,NULL,NULL,NULL,NULL,NULL,0,NULL,NULL,'2024-09-21 05:52:45','2024-09-22 14:05:27',1,NULL,NULL,NULL,NULL,0,NULL,2,'2024-09-12 06:21:24','2024-09-12 06:21:24',0),(47,'https://hathawayhealthcare.net/maryland-healthcare-staffing/','68:3f39befd691dc96be03abb84549889c5',6296,'post','page',1,0,NULL,NULL,'Maryland healthcare staffing','publish',NULL,0,NULL,NULL,NULL,NULL,NULL,0,0,NULL,0,NULL,NULL,NULL,NULL,NULL,NULL,NULL,NULL,NULL,NULL,NULL,NULL,NULL,NULL,0,NULL,NULL,'2024-09-21 05:52:45','2024-09-22 14:05:28',1,NULL,NULL,NULL,NULL,0,NULL,2,'2024-09-12 06:22:24','2024-09-12 06:22:24',0),(48,'https://hathawayhealthcare.net/maine-healthcare-staffing/','65:d7dd54694ceb4b0a3204581357e87404',6295,'post','page',1,0,NULL,NULL,'Maine healthcare staffing','publish',NULL,0,NULL,NULL,NULL,NULL,NULL,0,0,NULL,0,NULL,NULL,NULL,NULL,NULL,NULL,NULL,NULL,NULL,NULL,NULL,NULL,NULL,NULL,0,NULL,NULL,'2024-09-21 05:52:45','2024-09-22 14:05:28',1,NULL,NULL,NULL,NULL,0,NULL,2,'2024-09-12 06:23:55','2024-09-12 06:23:55',0),(49,'https://hathawayhealthcare.net/michigan-healthcare-staffing/','68:8d452d601f24b8f6e207318dba72c8fd',6294,'post','page',1,0,NULL,NULL,'Michigan healthcare staffing','publish',NULL,0,NULL,NULL,NULL,NULL,NULL,0,0,NULL,0,NULL,NULL,NULL,NULL,NULL,NULL,NULL,NULL,NULL,NULL,NULL,NULL,NULL,NULL,0,NULL,NULL,'2024-09-21 05:52:45','2024-09-22 14:05:28',1,NULL,NULL,NULL,NULL,0,NULL,2,'2024-09-12 06:24:54','2024-09-12 06:24:54',0),(50,'https://hathawayhealthcare.net/minnesota-healthcare-staffing/','69:941f96504465be4da77939a849bb28b7',6293,'post','page',1,0,NULL,NULL,'Minnesota healthcare staffing','publish',NULL,0,NULL,NULL,NULL,NULL,NULL,0,0,NULL,0,NULL,NULL,NULL,NULL,NULL,NULL,NULL,NULL,NULL,NULL,NULL,NULL,NULL,NULL,0,NULL,NULL,'2024-09-21 05:52:45','2024-09-22 14:05:28',1,NULL,NULL,NULL,NULL,0,NULL,2,'2024-09-12 06:26:08','2024-09-12 06:26:08',0),(51,'https://hathawayhealthcare.net/missouri-healthcare-staffing/','68:6fb15f2997bcbb817697e68156c20d4c',6292,'post','page',1,0,NULL,NULL,'Missouri healthcare staffing','publish',NULL,0,NULL,NULL,NULL,NULL,NULL,0,0,NULL,0,NULL,NULL,NULL,NULL,NULL,NULL,NULL,NULL,NULL,NULL,NULL,NULL,NULL,NULL,0,NULL,NULL,'2024-09-21 05:52:45','2024-09-22 14:05:28',1,NULL,NULL,NULL,NULL,0,NULL,2,'2024-09-12 06:35:39','2024-09-12 06:35:14',0),(52,'https://hathawayhealthcare.net/northern-mariana-islands-healthcare-staffing/','84:4d0aa986bfb7f5dfc3d1b95979a6e3fe',6291,'post','page',1,0,NULL,NULL,'Northern Mariana Islands healthcare staffing','publish',NULL,0,NULL,NULL,NULL,NULL,NULL,0,0,NULL,0,NULL,NULL,NULL,NULL,NULL,NULL,NULL,NULL,NULL,NULL,NULL,NULL,NULL,NULL,0,NULL,NULL,'2024-09-21 05:52:45','2024-09-22 14:05:28',1,NULL,NULL,NULL,NULL,0,NULL,2,'2024-09-12 06:36:37','2024-09-12 06:36:20',0),(53,'https://hathawayhealthcare.net/tag/standard/','52:7f6fd8355386411eac3bbe8d0de5acad',35,'term','post_tag',NULL,NULL,NULL,NULL,'Standard',NULL,NULL,0,NULL,NULL,NULL,NULL,NULL,NULL,0,NULL,NULL,NULL,NULL,NULL,NULL,NULL,NULL,NULL,NULL,NULL,NULL,NULL,NULL,NULL,NULL,0,NULL,NULL,'2024-09-21 05:52:45','2024-09-22 14:05:28',1,NULL,NULL,NULL,NULL,0,NULL,2,NULL,NULL,NULL),(54,'https://hathawayhealthcare.net/tag/themenectar/','55:5116a75f8a699efaf6a3aa730a4189f6',36,'term','post_tag',NULL,NULL,NULL,NULL,'ThemeNectar',NULL,NULL,0,NULL,NULL,NULL,NULL,NULL,NULL,0,NULL,NULL,NULL,NULL,NULL,NULL,NULL,NULL,NULL,NULL,NULL,NULL,NULL,NULL,NULL,NULL,0,NULL,NULL,'2024-09-21 05:52:45','2024-09-22 14:05:28',1,NULL,NULL,NULL,NULL,0,NULL,2,NULL,NULL,NULL),(55,'https://hathawayhealthcare.net/tag/videos/','50:9fb02a20fa71b12082fed74aa1bfe003',37,'term','post_tag',NULL,NULL,NULL,NULL,'Videos',NULL,NULL,0,NULL,NULL,NULL,NULL,NULL,NULL,0,NULL,NULL,NULL,NULL,NULL,NULL,NULL,NULL,NULL,NULL,NULL,NULL,NULL,NULL,NULL,NULL,0,NULL,NULL,'2024-09-21 05:52:45','2024-09-22 14:05:28',1,NULL,NULL,NULL,NULL,0,NULL,2,NULL,NULL,NULL),(56,'https://hathawayhealthcare.net/tag/wordpress/','53:df18f4c65f8ae217fc16867cef12e905',38,'term','post_tag',NULL,NULL,NULL,NULL,'Wordpress',NULL,NULL,0,NULL,NULL,NULL,NULL,NULL,NULL,0,NULL,NULL,NULL,NULL,NULL,NULL,NULL,NULL,NULL,NULL,NULL,NULL,NULL,NULL,NULL,NULL,0,NULL,NULL,'2024-09-21 05:52:45','2024-09-22 14:05:28',1,NULL,NULL,NULL,NULL,0,NULL,2,NULL,NULL,NULL),(57,'https://hathawayhealthcare.net/type/video/','50:d53f73a63394708fdec101113e374784',40,'term','post_format',NULL,NULL,NULL,NULL,'Video',NULL,NULL,0,NULL,NULL,NULL,NULL,NULL,NULL,0,NULL,NULL,NULL,NULL,NULL,NULL,NULL,NULL,NULL,NULL,NULL,NULL,NULL,NULL,NULL,NULL,0,NULL,NULL,'2024-09-21 05:52:45','2024-09-22 14:05:28',1,NULL,NULL,NULL,NULL,0,NULL,2,NULL,NULL,NULL),(58,'https://hathawayhealthcare.net/type/quote/','50:66db08068801645d9e4a3e8e7b360c4c',41,'term','post_format',NULL,NULL,NULL,NULL,'Quote',NULL,NULL,0,NULL,NULL,NULL,NULL,NULL,NULL,0,NULL,NULL,NULL,NULL,NULL,NULL,NULL,NULL,NULL,NULL,NULL,NULL,NULL,NULL,NULL,NULL,0,NULL,NULL,'2024-09-21 05:52:45','2024-09-22 14:05:28',1,NULL,NULL,NULL,NULL,0,NULL,2,NULL,NULL,NULL),(59,'https://hathawayhealthcare.net/category/fashion/','56:56806526b19bc6d28fcf0627ab8481c6',42,'term','category',NULL,NULL,NULL,NULL,'Fashion',NULL,NULL,0,NULL,NULL,NULL,NULL,NULL,NULL,0,NULL,NULL,NULL,NULL,NULL,NULL,NULL,NULL,NULL,NULL,NULL,NULL,NULL,NULL,NULL,NULL,0,NULL,NULL,'2024-09-21 05:52:45','2024-09-22 14:05:28',1,NULL,NULL,NULL,NULL,0,NULL,2,NULL,NULL,NULL),(60,'https://hathawayhealthcare.net/category/featured/','57:0b7a261b7a85354b8c90abd9e0e67e1d',43,'term','category',NULL,NULL,NULL,NULL,'Featured',NULL,NULL,0,NULL,NULL,NULL,NULL,NULL,NULL,0,NULL,NULL,NULL,NULL,NULL,NULL,NULL,NULL,NULL,NULL,NULL,NULL,NULL,NULL,NULL,NULL,0,NULL,NULL,'2024-09-21 05:52:45','2024-09-22 14:05:28',1,NULL,NULL,NULL,NULL,0,NULL,2,NULL,NULL,NULL),(61,'https://hathawayhealthcare.net/category/quotes/','55:4174dd792414548369c120ec3669da4c',44,'term','category',NULL,NULL,NULL,NULL,'Quotes',NULL,NULL,0,NULL,NULL,NULL,NULL,NULL,NULL,0,NULL,NULL,NULL,NULL,NULL,NULL,NULL,NULL,NULL,NULL,NULL,NULL,NULL,NULL,NULL,NULL,0,NULL,NULL,'2024-09-21 05:52:45','2024-09-22 14:05:28',1,NULL,NULL,NULL,NULL,0,NULL,2,NULL,NULL,NULL),(62,'https://hathawayhealthcare.net/project-type/travel-staffing/','68:d79970af15a5293d57fe0b5092b18a2b',59,'term','project-type',NULL,NULL,NULL,NULL,'Travel Staffing',NULL,NULL,0,NULL,NULL,NULL,NULL,NULL,NULL,0,NULL,NULL,NULL,NULL,NULL,NULL,NULL,NULL,NULL,NULL,NULL,NULL,NULL,NULL,NULL,NULL,0,NULL,NULL,'2024-09-21 05:52:45','2024-09-22 14:05:28',1,NULL,NULL,NULL,NULL,0,NULL,2,NULL,NULL,NULL),(63,'https://hathawayhealthcare.net/project-type/interim-staffing/','69:d8243a1a8dd46cfc1ecdf978dab9f778',60,'term','project-type',NULL,NULL,NULL,NULL,'Interim Staffing',NULL,NULL,0,NULL,NULL,NULL,NULL,NULL,NULL,0,NULL,NULL,NULL,NULL,NULL,NULL,NULL,NULL,NULL,NULL,NULL,NULL,NULL,NULL,NULL,NULL,0,NULL,NULL,'2024-09-21 05:52:45','2024-09-22 14:05:28',1,NULL,NULL,NULL,NULL,0,NULL,2,'2024-09-11 04:12:42','2021-11-14 06:38:36',NULL),(64,'https://hathawayhealthcare.net/project-type/temporary-to-permanent/','75:dc410f861057fa7a3832c10dd002b233',61,'term','project-type',NULL,NULL,NULL,NULL,'Temporary-To-Permanent',NULL,NULL,0,NULL,NULL,NULL,NULL,NULL,NULL,0,NULL,NULL,NULL,NULL,NULL,NULL,NULL,NULL,NULL,NULL,NULL,NULL,NULL,NULL,NULL,NULL,0,NULL,NULL,'2024-09-21 05:52:45','2024-09-22 14:05:28',1,NULL,NULL,NULL,NULL,0,NULL,2,NULL,NULL,NULL),(65,'https://hathawayhealthcare.net/project-type/locum-tenens/','65:d72a0a3579dfa1492bb08b2128ea09ec',62,'term','project-type',NULL,NULL,NULL,NULL,'Locum Tenens',NULL,NULL,0,NULL,NULL,NULL,NULL,NULL,NULL,0,NULL,NULL,NULL,NULL,NULL,NULL,NULL,NULL,NULL,NULL,NULL,NULL,NULL,NULL,NULL,NULL,0,NULL,NULL,'2024-09-21 05:52:45','2024-09-22 14:05:28',1,NULL,NULL,NULL,NULL,0,NULL,2,NULL,NULL,NULL),(66,'https://hathawayhealthcare.net/project-type/contract-staffing/','70:e4bb4aedd431480de8525ee4ed2a232e',63,'term','project-type',NULL,NULL,NULL,NULL,'Contract Staffing',NULL,NULL,0,NULL,NULL,NULL,NULL,NULL,NULL,0,NULL,NULL,NULL,NULL,NULL,NULL,NULL,NULL,NULL,NULL,NULL,NULL,NULL,NULL,NULL,NULL,0,NULL,NULL,'2024-09-21 05:52:45','2024-09-22 14:05:28',1,NULL,NULL,NULL,NULL,0,NULL,2,'2024-09-10 04:25:20','2021-11-14 06:41:48',NULL),(67,'https://hathawayhealthcare.net/project-type/emergency-staff/','68:6ad01603d64b474433ff13055a3fbf61',64,'term','project-type',NULL,NULL,NULL,NULL,'Emergency Staff',NULL,NULL,0,NULL,NULL,NULL,NULL,NULL,NULL,0,NULL,NULL,NULL,NULL,NULL,NULL,NULL,NULL,NULL,NULL,NULL,NULL,NULL,NULL,NULL,NULL,0,NULL,NULL,'2024-09-21 05:52:45','2024-09-22 14:05:28',1,NULL,NULL,NULL,NULL,0,NULL,2,'2024-09-10 04:25:20','2021-11-14 06:41:48',NULL),(68,'https://hathawayhealthcare.net/mississippi-healthcare-staffing/','71:f0b4fb6f9d18cfd6f86b19617b5c741e',6290,'post','page',1,0,NULL,NULL,'Mississippi healthcare staffing','publish',NULL,0,NULL,NULL,NULL,NULL,NULL,0,0,NULL,0,NULL,NULL,NULL,NULL,NULL,NULL,NULL,NULL,NULL,NULL,NULL,NULL,NULL,NULL,0,NULL,NULL,'2024-09-21 06:18:34','2024-09-22 14:05:28',1,NULL,NULL,NULL,NULL,0,NULL,2,'2024-09-12 06:38:14','2024-09-12 06:37:54',0),(69,'https://hathawayhealthcare.net/montana-healthcare-staffing/','67:102464bf2080c00d416294d77ffcd63b',6287,'post','page',1,0,NULL,NULL,'Montana healthcare staffing','publish',NULL,0,NULL,NULL,NULL,NULL,NULL,0,0,NULL,0,NULL,NULL,NULL,NULL,NULL,NULL,NULL,NULL,NULL,NULL,NULL,NULL,NULL,NULL,0,NULL,NULL,'2024-09-21 06:18:34','2024-09-22 14:20:24',1,NULL,NULL,NULL,NULL,0,NULL,2,'2024-09-12 06:40:07','2024-09-12 06:39:36',0),(70,'https://hathawayhealthcare.net/north-carolina-healthcare-staffing/','74:52eb3405a3ce0b6a1d930d7a9b6432d6',6288,'post','page',1,0,NULL,NULL,'North Carolina healthcare staffing','publish',NULL,0,NULL,NULL,NULL,NULL,NULL,0,0,NULL,0,NULL,NULL,NULL,NULL,NULL,NULL,NULL,NULL,NULL,NULL,NULL,NULL,NULL,NULL,0,NULL,NULL,'2024-09-21 06:18:34','2024-09-22 14:20:24',1,NULL,NULL,NULL,NULL,0,NULL,2,'2024-09-12 06:42:56','2024-09-12 06:42:36',0),(71,'https://hathawayhealthcare.net/north-dakota-healthcare-staffing/','72:3062b15a599cb60977a9fef695711d7d',6289,'post','page',1,0,NULL,NULL,'North Dakota healthcare staffing','publish',NULL,0,NULL,NULL,NULL,NULL,NULL,0,0,NULL,0,NULL,NULL,NULL,NULL,NULL,NULL,NULL,NULL,NULL,NULL,NULL,NULL,NULL,NULL,0,NULL,NULL,'2024-09-21 06:18:34','2024-09-22 14:20:24',1,NULL,NULL,NULL,NULL,0,NULL,2,'2024-09-12 06:44:05','2024-09-12 06:43:42',0),(72,'https://hathawayhealthcare.net/nebraska-healthcare-staffing/','68:0b229052777b1b2cdd2f01909f06ac8d',6286,'post','page',1,0,NULL,NULL,'Nebraska healthcare staffing','publish',NULL,0,NULL,NULL,NULL,NULL,NULL,0,0,NULL,0,NULL,NULL,NULL,NULL,NULL,NULL,NULL,NULL,NULL,NULL,NULL,NULL,NULL,NULL,0,NULL,NULL,'2024-09-21 06:18:34','2024-09-22 14:20:24',1,NULL,NULL,NULL,NULL,0,NULL,2,'2024-09-12 06:45:05','2024-09-12 06:44:46',0),(73,'https://hathawayhealthcare.net/new-hampshire-healthcare-staffing/','73:6301516fe9d3c33a3af31ee83f10ed8b',6285,'post','page',1,0,NULL,NULL,'New Hampshire healthcare staffing','publish',NULL,0,NULL,NULL,NULL,NULL,NULL,0,0,NULL,0,NULL,NULL,NULL,NULL,NULL,NULL,NULL,NULL,NULL,NULL,NULL,NULL,NULL,NULL,0,NULL,NULL,'2024-09-21 06:18:34','2024-09-22 14:20:24',1,NULL,NULL,NULL,NULL,0,NULL,2,'2024-09-12 06:46:17','2024-09-12 06:45:53',0),(74,'https://hathawayhealthcare.net/new-jersey-healthcare-staffing/','70:98fa24a0e4ca56c89d8315c72d85961e',6284,'post','page',1,0,NULL,NULL,'New Jersey healthcare staffing','publish',NULL,0,NULL,NULL,NULL,NULL,NULL,0,0,NULL,0,NULL,NULL,NULL,NULL,NULL,NULL,NULL,NULL,NULL,NULL,NULL,NULL,NULL,NULL,0,NULL,NULL,'2024-09-21 06:18:34','2024-09-22 14:20:24',1,NULL,NULL,NULL,NULL,0,NULL,2,'2024-09-12 06:47:25','2024-09-12 06:46:57',0),(75,'https://hathawayhealthcare.net/new-mexico-healthcare-staffing/','70:d771e36b17df3c8bed48d1fa0ce4a069',6283,'post','page',1,0,NULL,NULL,'New Mexico healthcare staffing','publish',NULL,0,NULL,NULL,NULL,NULL,NULL,0,0,NULL,0,NULL,NULL,NULL,NULL,NULL,NULL,NULL,NULL,NULL,NULL,NULL,NULL,NULL,NULL,0,NULL,NULL,'2024-09-21 06:18:34','2024-09-22 14:20:24',1,NULL,NULL,NULL,NULL,0,NULL,2,'2024-09-12 06:48:35','2024-09-12 06:48:05',0),(76,'https://hathawayhealthcare.net/nevada-healthcare-staffing/','66:acc550192081dd1a494dd31f714a9e0c',6282,'post','page',1,0,NULL,NULL,'Nevada healthcare staffing','publish',NULL,0,NULL,NULL,NULL,NULL,NULL,0,0,NULL,0,NULL,NULL,NULL,NULL,NULL,NULL,NULL,NULL,NULL,NULL,NULL,NULL,NULL,NULL,0,NULL,NULL,'2024-09-21 06:18:34','2024-09-22 14:20:24',1,NULL,NULL,NULL,NULL,0,NULL,2,'2024-09-12 06:49:45','2024-09-12 06:49:18',0),(77,'https://hathawayhealthcare.net/new-york-healthcare-staffing/','68:f27ea90c3c4547f8570f3f99049b9741',6281,'post','page',1,0,NULL,NULL,'New York healthcare staffing','publish',NULL,0,NULL,NULL,NULL,NULL,NULL,0,0,NULL,0,NULL,NULL,NULL,NULL,NULL,NULL,NULL,NULL,NULL,NULL,NULL,NULL,NULL,NULL,0,NULL,NULL,'2024-09-21 06:18:34','2024-09-22 14:20:24',1,NULL,NULL,NULL,NULL,0,NULL,2,'2024-09-12 06:51:28','2024-09-12 06:50:44',0),(80,'https://hathawayhealthcare.net/wyoming-healthcare-staffing/','67:4c263d917b02506f89cb15487f9833b0',6278,'post','page',1,0,NULL,NULL,'Wyoming healthcare staffing','publish',NULL,0,NULL,NULL,NULL,NULL,NULL,0,0,NULL,0,NULL,NULL,NULL,NULL,NULL,NULL,NULL,NULL,NULL,NULL,NULL,NULL,NULL,NULL,0,NULL,NULL,'2024-09-21 06:18:34','2024-09-22 14:20:24',1,NULL,NULL,NULL,NULL,0,NULL,2,'2024-09-12 06:56:20','2024-09-12 06:55:53',0),(81,'https://hathawayhealthcare.net/west-virginia-healthcare-staffing/','73:7594049980fbe9c7146e8d8343109f1f',6277,'post','page',1,0,NULL,NULL,'West Virginia healthcare staffing','publish',NULL,0,NULL,NULL,NULL,NULL,NULL,0,0,NULL,0,NULL,NULL,NULL,NULL,NULL,NULL,NULL,NULL,NULL,NULL,NULL,NULL,NULL,NULL,0,NULL,NULL,'2024-09-21 06:18:34','2024-09-22 14:20:24',1,NULL,NULL,NULL,NULL,0,NULL,2,'2024-09-12 06:57:38','2024-09-12 06:57:13',0),(82,'https://hathawayhealthcare.net/wisconsin-healthcare-staffing/','69:0fbd278423be292306f169efe2e24d75',6266,'post','page',1,0,NULL,NULL,'Wisconsin healthcare staffing','publish',NULL,0,NULL,NULL,NULL,NULL,NULL,0,0,NULL,0,NULL,NULL,NULL,NULL,NULL,NULL,NULL,NULL,NULL,NULL,NULL,NULL,NULL,NULL,0,NULL,NULL,'2024-09-21 06:18:34','2024-09-22 14:20:24',1,NULL,NULL,NULL,NULL,0,NULL,2,'2024-09-12 06:59:17','2024-09-12 06:58:34',0),(83,'https://hathawayhealthcare.net/project-type/physicians/','63:69f1298d345b94d53c09ecf5c3b5fea7',65,'term','project-type',NULL,NULL,NULL,NULL,'Physicians',NULL,NULL,0,NULL,NULL,NULL,NULL,NULL,NULL,0,NULL,NULL,NULL,NULL,NULL,NULL,NULL,NULL,NULL,NULL,NULL,NULL,NULL,NULL,NULL,NULL,0,NULL,NULL,'2024-09-21 06:18:34','2024-09-22 14:20:24',1,NULL,NULL,NULL,NULL,0,NULL,2,'2024-09-11 04:12:42','2021-11-14 06:38:36',NULL),(84,'https://hathawayhealthcare.net/project-type/healthcare-executives/','74:433d0d42d6a8d0c7309af215c7132cb7',66,'term','project-type',NULL,NULL,NULL,NULL,'Healthcare Executives',NULL,NULL,0,NULL,NULL,NULL,NULL,NULL,NULL,0,NULL,NULL,NULL,NULL,NULL,NULL,NULL,NULL,NULL,NULL,NULL,NULL,NULL,NULL,NULL,NULL,0,NULL,NULL,'2024-09-21 06:18:34','2024-09-22 14:20:24',1,NULL,NULL,NULL,NULL,0,NULL,2,NULL,NULL,NULL),(85,'https://hathawayhealthcare.net/washington-healthcare-staffing/','70:bfcd5139ec88be0bea0d1978fb4c4699',6260,'post','page',1,0,NULL,NULL,'Washington healthcare staffing','publish',NULL,0,NULL,NULL,NULL,NULL,NULL,0,0,NULL,0,NULL,NULL,NULL,NULL,NULL,NULL,NULL,NULL,NULL,NULL,NULL,NULL,NULL,NULL,0,NULL,NULL,'2024-09-21 07:58:36','2024-09-22 14:20:24',1,NULL,NULL,NULL,NULL,0,NULL,2,'2024-09-12 07:01:03','2024-09-12 07:00:40',0),(86,'https://hathawayhealthcare.net/vermont-healthcare-staffing/','67:3ce348d6f069fb2bf5c2ed6fe8820f8e',6261,'post','page',1,0,NULL,NULL,'Vermont healthcare staffing','publish',NULL,0,NULL,NULL,NULL,NULL,NULL,0,0,NULL,0,NULL,NULL,NULL,NULL,NULL,NULL,NULL,NULL,NULL,NULL,NULL,NULL,NULL,NULL,0,NULL,NULL,'2024-09-21 07:58:36','2024-09-22 14:51:27',1,NULL,NULL,NULL,NULL,0,NULL,2,'2024-09-12 07:03:57','2024-09-12 07:03:21',0),(87,'https://hathawayhealthcare.net/us-virgin-islands-healthcare-staffing/','77:db518ba1fbc21c16bc89b896a9ca6885',6262,'post','page',1,0,NULL,NULL,'US Virgin Islands healthcare staffing #5','publish',NULL,0,NULL,NULL,NULL,NULL,NULL,0,0,NULL,0,NULL,NULL,NULL,NULL,NULL,NULL,NULL,NULL,NULL,NULL,NULL,NULL,NULL,NULL,0,NULL,NULL,'2024-09-21 07:58:36','2024-09-22 14:51:27',1,NULL,NULL,NULL,NULL,0,NULL,2,'2024-09-12 07:04:58','2024-09-12 07:04:37',0),(88,'https://hathawayhealthcare.net/virginia-healthcare-staffing/','68:2d16a4d6b9e6d9c3eb1953d9b3c46dbe',6263,'post','page',1,0,NULL,NULL,'Virginia healthcare staffing','publish',NULL,0,NULL,NULL,NULL,NULL,NULL,0,0,NULL,0,NULL,NULL,NULL,NULL,NULL,NULL,NULL,NULL,NULL,NULL,NULL,NULL,NULL,NULL,0,NULL,NULL,'2024-09-21 07:58:36','2024-09-22 13:32:27',1,NULL,NULL,NULL,NULL,0,NULL,2,'2024-09-12 07:06:17','2024-09-12 07:05:55',0),(89,'https://hathawayhealthcare.net/utah-healthcare-staffing/','64:b718e1435408ed517254a6a0a40ad490',6264,'post','page',1,0,NULL,NULL,'Utah healthcare staffing','publish',NULL,0,NULL,NULL,NULL,NULL,NULL,0,0,NULL,0,NULL,NULL,NULL,NULL,NULL,NULL,NULL,NULL,NULL,NULL,NULL,NULL,NULL,NULL,0,NULL,NULL,'2024-09-21 07:58:36','2024-09-22 14:51:27',1,NULL,NULL,NULL,NULL,0,NULL,2,'2024-09-12 07:07:25','2024-09-12 07:07:00',0),(90,'https://hathawayhealthcare.net/tennessee-healthcare-staffing/','69:a6f5e4dac72a5bbb0624f0ea0a0cb718',6414,'post','page',1,0,NULL,NULL,'Tennessee healthcare staffing','publish',NULL,0,NULL,NULL,NULL,NULL,NULL,0,0,NULL,0,NULL,NULL,NULL,NULL,NULL,NULL,NULL,NULL,NULL,NULL,NULL,NULL,NULL,NULL,0,NULL,NULL,'2024-09-21 07:58:36','2024-09-22 14:51:27',1,NULL,NULL,NULL,NULL,0,NULL,2,'2024-09-12 07:11:00','2024-09-12 07:10:34',0),(91,'https://hathawayhealthcare.net/south-dakota-healthcare-staffing/','72:895ed46293e807ca08c15d4d808f60fd',6413,'post','page',1,0,NULL,NULL,'South Dakota healthcare staffing','publish',NULL,0,NULL,NULL,NULL,NULL,NULL,0,0,NULL,0,NULL,NULL,NULL,NULL,NULL,NULL,NULL,NULL,NULL,NULL,NULL,NULL,NULL,NULL,0,NULL,NULL,'2024-09-21 07:58:36','2024-09-22 14:51:27',1,NULL,NULL,NULL,NULL,0,NULL,2,'2024-09-12 07:12:04','2024-09-12 07:11:42',0),(92,'https://hathawayhealthcare.net/south-carolina-healthcare-staffing/','74:50e690249bf88c838956d0bf9460a1e4',6412,'post','page',1,0,NULL,NULL,'South Carolina healthcare staffing','publish',NULL,0,NULL,NULL,NULL,NULL,NULL,0,0,NULL,0,NULL,NULL,NULL,NULL,NULL,NULL,NULL,NULL,NULL,NULL,NULL,NULL,NULL,NULL,0,NULL,NULL,'2024-09-21 07:58:36','2024-09-22 14:51:27',1,NULL,NULL,NULL,NULL,0,NULL,2,'2024-09-12 07:13:06','2024-09-12 07:12:44',0),(93,'https://hathawayhealthcare.net/rhode-island-healthcare-staffing/','72:6344b97aaf9ba58f0e76696b4195627e',6407,'post','page',1,0,NULL,NULL,'Rhode Island healthcare staffing','publish',NULL,0,NULL,NULL,NULL,NULL,NULL,0,0,NULL,0,NULL,NULL,NULL,NULL,NULL,NULL,NULL,NULL,NULL,NULL,NULL,NULL,NULL,NULL,0,NULL,NULL,'2024-09-21 07:58:36','2024-09-22 14:51:27',1,NULL,NULL,NULL,NULL,0,NULL,2,'2024-09-12 07:14:31','2024-09-12 07:14:11',0),(94,'https://hathawayhealthcare.net/puerto-rico-healthcare-staffing/','71:4c455edfe0f4259a5732dbd79647d66e',6408,'post','page',1,0,NULL,NULL,'Puerto Ricohealthcare staffing','publish',NULL,0,NULL,NULL,NULL,NULL,NULL,0,0,NULL,0,NULL,NULL,NULL,NULL,NULL,NULL,NULL,NULL,NULL,NULL,NULL,NULL,NULL,NULL,0,NULL,NULL,'2024-09-21 07:58:36','2024-09-22 14:51:26',1,NULL,NULL,NULL,NULL,0,NULL,2,'2024-09-12 07:15:38','2024-09-12 07:15:14',0),(95,'https://hathawayhealthcare.net/pennsylvania-healthcare-staffing/','72:a2869583afae2cc0e055ab2e16e78559',6409,'post','page',1,0,NULL,NULL,'Pennsylvania healthcare staffing','publish',NULL,0,NULL,NULL,NULL,NULL,NULL,0,0,NULL,0,NULL,NULL,NULL,NULL,NULL,NULL,NULL,NULL,NULL,NULL,NULL,NULL,NULL,NULL,0,NULL,NULL,'2024-09-21 07:58:36','2024-09-22 14:51:27',1,NULL,NULL,NULL,NULL,0,NULL,2,'2024-09-12 07:16:40','2024-09-12 07:16:19',0),(96,'https://hathawayhealthcare.net/oregon-healthcare-staffing/','66:fb0d45e4dea1f321f99a03cfc8ba910b',6410,'post','page',1,0,NULL,NULL,'Oregon healthcare staffing','publish',NULL,0,NULL,NULL,NULL,NULL,NULL,0,0,NULL,0,NULL,NULL,NULL,NULL,NULL,NULL,NULL,NULL,NULL,NULL,NULL,NULL,NULL,NULL,0,NULL,NULL,'2024-09-21 07:58:36','2024-09-22 14:51:27',1,NULL,NULL,NULL,NULL,0,NULL,2,'2024-09-12 07:17:41','2024-09-12 07:17:17',0),(97,'https://hathawayhealthcare.net/oklahoma-healthcare-staffing/','68:8dd3ca8f0ece58517ead81f61e22ecd6',6411,'post','page',1,0,NULL,NULL,'Oklahoma healthcare staffing','publish',NULL,0,NULL,NULL,NULL,NULL,NULL,0,0,NULL,0,NULL,NULL,NULL,NULL,NULL,NULL,NULL,NULL,NULL,NULL,NULL,NULL,NULL,NULL,0,NULL,NULL,'2024-09-21 07:58:36','2024-09-22 14:02:27',1,NULL,NULL,NULL,NULL,0,NULL,2,'2024-09-12 07:18:43','2024-09-12 07:18:20',0),(98,'https://hathawayhealthcare.net/ohio-healthcare-staffing/','64:90d63f1b29aaecaafe38cd9f621e5bb1',6265,'post','page',1,0,NULL,NULL,'Ohio healthcare staffing','publish',NULL,0,NULL,NULL,NULL,NULL,NULL,0,0,NULL,0,NULL,NULL,NULL,NULL,NULL,NULL,NULL,NULL,NULL,NULL,NULL,NULL,NULL,NULL,0,NULL,NULL,'2024-09-21 07:58:36','2024-09-22 11:50:24',1,NULL,NULL,NULL,NULL,0,NULL,2,'2024-09-12 07:20:07','2024-09-12 07:19:43',0),(127,'https://hathawayhealthcare.net/?post_type=portfolio&p=5253','66:c7e69e53b0bc7761da5710eae4f58bfc',5253,'post','portfolio',1,0,NULL,NULL,'Social Buttons','draft',0,0,NULL,NULL,NULL,NULL,NULL,0,0,NULL,0,NULL,NULL,NULL,NULL,NULL,NULL,NULL,NULL,NULL,NULL,NULL,NULL,NULL,NULL,NULL,NULL,NULL,'2024-09-21 11:16:19','2024-09-22 16:35:05',1,NULL,NULL,NULL,NULL,0,NULL,2,'2024-09-10 04:18:40','2015-07-20 19:30:37',0),(128,'https://hathawayhealthcare.net/?post_type=portfolio&p=5055','66:f8ad97f9a0b1af30f7b2937bddfedac0',5055,'post','portfolio',1,0,NULL,NULL,'Yellow Beauty','draft',0,0,NULL,NULL,NULL,NULL,NULL,0,0,NULL,0,NULL,NULL,NULL,NULL,NULL,NULL,NULL,NULL,NULL,NULL,NULL,NULL,NULL,NULL,NULL,NULL,NULL,'2024-09-21 11:16:19','2024-09-22 16:35:05',1,NULL,NULL,NULL,NULL,0,NULL,2,'2024-09-10 04:18:28','2015-07-20 21:55:48',0),(129,'https://hathawayhealthcare.net/?post_type=portfolio&p=5063','66:77ead42ab884b21445688947cbd20af7',5063,'post','portfolio',1,0,NULL,NULL,'Dark Water','draft',0,0,NULL,NULL,NULL,NULL,NULL,0,0,NULL,0,NULL,NULL,NULL,NULL,NULL,NULL,NULL,NULL,NULL,NULL,NULL,NULL,NULL,NULL,NULL,NULL,NULL,'2024-09-21 11:16:19','2024-09-22 16:35:05',1,NULL,NULL,NULL,NULL,0,NULL,2,'2024-09-10 04:18:34','2015-07-20 22:23:45',0),(130,'https://hathawayhealthcare.net/?post_type=portfolio&p=5058','66:5057ca9a170a1d23db6533a468ad8a5a',5058,'post','portfolio',1,0,NULL,NULL,'Claire Herself','draft',0,0,NULL,NULL,NULL,NULL,NULL,0,0,NULL,0,NULL,NULL,NULL,NULL,NULL,NULL,NULL,NULL,NULL,NULL,NULL,NULL,NULL,NULL,NULL,NULL,NULL,'2024-09-21 11:53:22','2024-09-22 16:35:05',1,NULL,NULL,NULL,NULL,0,NULL,2,'2024-09-10 04:18:07','2015-07-24 14:58:01',0),(131,'https://hathawayhealthcare.net/?post_type=portfolio&p=5154','66:9137c987f8bd167673871ada201af477',5154,'post','portfolio',1,0,NULL,NULL,'Mixed Up','draft',0,0,NULL,NULL,NULL,NULL,NULL,0,0,NULL,0,NULL,NULL,NULL,NULL,NULL,NULL,NULL,NULL,NULL,NULL,NULL,NULL,NULL,NULL,NULL,NULL,NULL,'2024-09-21 11:53:22','2024-09-22 16:35:05',1,NULL,NULL,NULL,NULL,0,NULL,2,'2024-09-10 04:17:59','2015-07-25 19:35:55',0),(132,'https://hathawayhealthcare.net/?post_type=portfolio&p=5066','66:ce8d26c6d8db028e87ee12a9e30e38ae',5066,'post','portfolio',1,0,NULL,NULL,'Let&#8217;s Skate','draft',0,0,NULL,NULL,NULL,NULL,NULL,0,0,NULL,0,NULL,NULL,NULL,NULL,NULL,NULL,NULL,NULL,NULL,NULL,NULL,NULL,NULL,NULL,NULL,NULL,NULL,'2024-09-21 11:53:22','2024-09-22 16:35:05',1,NULL,NULL,NULL,NULL,0,NULL,2,'2024-09-09 06:41:45','2015-07-26 19:25:27',0),(133,'https://hathawayhealthcare.net/?post_type=portfolio&p=5052','66:d85cbfeef6072133000f8f6519c481bb',5052,'post','portfolio',1,0,NULL,NULL,'Red Quote','draft',0,0,NULL,NULL,NULL,NULL,NULL,0,0,NULL,0,NULL,NULL,NULL,NULL,NULL,NULL,NULL,NULL,NULL,NULL,NULL,NULL,NULL,NULL,NULL,NULL,NULL,'2024-09-21 11:53:22','2024-09-22 16:35:05',1,NULL,NULL,NULL,NULL,0,NULL,2,'2024-09-09 06:41:21','2015-07-27 21:50:35',0),(134,'https://hathawayhealthcare.net/?post_type=portfolio&p=5069','66:3c9a667cd5958f156cf4e7a779b11564',5069,'post','portfolio',1,0,NULL,NULL,'Custom Content Item','draft',0,0,NULL,NULL,NULL,NULL,NULL,0,0,NULL,0,NULL,NULL,NULL,NULL,NULL,NULL,NULL,NULL,NULL,NULL,NULL,NULL,NULL,NULL,NULL,NULL,NULL,'2024-09-21 11:53:22','2024-09-22 16:35:05',1,NULL,NULL,NULL,NULL,0,NULL,2,'2024-09-09 06:41:12','2015-07-28 04:29:04',0),(135,'https://hathawayhealthcare.net/?post_type=portfolio&p=304','65:4632b35f90858fbe8aea8fa7b72a1248',304,'post','portfolio',1,0,NULL,NULL,'Nectar Townhomes','draft',0,0,NULL,NULL,NULL,NULL,NULL,0,0,NULL,0,NULL,NULL,NULL,NULL,NULL,NULL,NULL,NULL,NULL,NULL,NULL,NULL,NULL,NULL,NULL,NULL,NULL,'2024-09-21 11:53:22','2024-09-22 17:32:49',1,NULL,NULL,NULL,NULL,0,NULL,2,'2024-09-09 06:41:04','2021-11-04 22:06:22',0),(136,'https://hathawayhealthcare.net/?post_type=portfolio&p=299','65:d1b078463c3f38dbca3f94df6a49a7df',299,'post','portfolio',1,0,NULL,NULL,'590 Odessa Ave','draft',0,0,NULL,NULL,NULL,NULL,NULL,0,0,NULL,0,NULL,NULL,NULL,NULL,NULL,NULL,NULL,NULL,NULL,NULL,NULL,NULL,NULL,NULL,NULL,NULL,NULL,'2024-09-21 11:53:22','2024-09-22 17:32:49',1,NULL,NULL,NULL,NULL,0,NULL,2,'2024-09-09 06:40:56','2021-11-06 22:02:57',0),(137,'https://hathawayhealthcare.net/portfolio/isabella-rossi/','64:cef0f4d468641e9de1bf1a0481eb7a53',136,'post','portfolio',1,0,NULL,NULL,'Isabella Rossi','publish',NULL,0,NULL,NULL,NULL,NULL,NULL,0,0,NULL,0,NULL,NULL,NULL,NULL,'https://hathawayhealthcare.net/wp-content/uploads/2021/11/pexels-thirdman-5327584-scaled.jpg',NULL,'6161','featured-image',NULL,NULL,'https://hathawayhealthcare.net/wp-content/uploads/2021/11/pexels-thirdman-5327584-scaled.jpg','6161','featured-image','{\"width\":2560,\"height\":1707,\"filesize\":268439,\"url\":\"https://hathawayhealthcare.net/wp-content/uploads/2021/11/pexels-thirdman-5327584-scaled.jpg\",\"path\":\"/home/atv2n1dvp3bc/public_html/hathawayhealthcare.net/wp-content/uploads/2021/11/pexels-thirdman-5327584-scaled.jpg\",\"size\":\"full\",\"id\":6161,\"alt\":\"\",\"pixels\":4369920,\"type\":\"image/jpeg\"}',0,NULL,NULL,'2024-09-21 11:53:22','2024-09-22 17:32:49',1,NULL,NULL,NULL,NULL,0,NULL,2,'2024-09-11 04:12:42','2021-11-14 06:38:36',0),(138,'https://hathawayhealthcare.net/portfolio/anna-muller/','61:1f60143aceffaeea1af8a69c12402eab',142,'post','portfolio',1,0,NULL,NULL,'Anna Müller','publish',NULL,0,NULL,NULL,NULL,NULL,NULL,0,0,NULL,0,NULL,NULL,NULL,NULL,'https://hathawayhealthcare.net/wp-content/uploads/2021/11/pexels-mikhail-nilov-28123718-scaled.jpg',NULL,'6128','featured-image',NULL,NULL,'https://hathawayhealthcare.net/wp-content/uploads/2021/11/pexels-mikhail-nilov-28123718-scaled.jpg','6128','featured-image','{\"width\":2560,\"height\":1707,\"filesize\":372781,\"url\":\"https://hathawayhealthcare.net/wp-content/uploads/2021/11/pexels-mikhail-nilov-28123718-scaled.jpg\",\"path\":\"/home/atv2n1dvp3bc/public_html/hathawayhealthcare.net/wp-content/uploads/2021/11/pexels-mikhail-nilov-28123718-scaled.jpg\",\"size\":\"full\",\"id\":6128,\"alt\":\"\",\"pixels\":4369920,\"type\":\"image/jpeg\"}',0,NULL,NULL,'2024-09-21 11:53:22','2024-09-22 17:32:49',1,NULL,NULL,NULL,NULL,0,NULL,2,'2024-09-10 04:25:20','2021-11-14 06:41:48',0),(139,'https://hathawayhealthcare.net/portfolio/sophie-andersen/','65:003db536c88672ff9a848a80064be41f',144,'post','portfolio',1,0,NULL,NULL,'Sophie Andersen','publish',NULL,0,NULL,NULL,NULL,NULL,NULL,0,0,NULL,0,NULL,NULL,NULL,NULL,'https://hathawayhealthcare.net/wp-content/uploads/2021/11/pexels-shkrabaanthony-5214964-scaled-e1725942207424.jpg',NULL,'6150','featured-image',NULL,NULL,'https://hathawayhealthcare.net/wp-content/uploads/2021/11/pexels-shkrabaanthony-5214964-scaled-e1725942207424.jpg','6150','featured-image','{\"width\":1706,\"height\":1446,\"filesize\":238972,\"url\":\"https://hathawayhealthcare.net/wp-content/uploads/2021/11/pexels-shkrabaanthony-5214964-scaled-e1725942207424.jpg\",\"path\":\"/home/atv2n1dvp3bc/public_html/hathawayhealthcare.net/wp-content/uploads/2021/11/pexels-shkrabaanthony-5214964-scaled-e1725942207424.jpg\",\"size\":\"full\",\"id\":6150,\"alt\":\"\",\"pixels\":2466876,\"type\":\"image/jpeg\"}',0,NULL,NULL,'2024-09-21 11:53:22','2024-09-22 17:32:49',1,NULL,NULL,NULL,NULL,0,NULL,2,'2024-09-10 04:24:02','2021-11-14 06:44:40',0);

--
-- Table structure for table `ebec_yoast_indexable_hierarchy`
--

CREATE TABLE `ebec_yoast_indexable_hierarchy` (
  `indexable_id` int(11) unsigned NOT NULL,
  `ancestor_id` int(11) unsigned NOT NULL,
  `depth` int(11) unsigned DEFAULT NULL,
  `blog_id` bigint(20) NOT NULL DEFAULT 1,
  PRIMARY KEY (`indexable_id`,`ancestor_id`),
  KEY `indexable_id` (`indexable_id`),
  KEY `ancestor_id` (`ancestor_id`),
  KEY `depth` (`depth`)
) ENGINE=InnoDB DEFAULT CHARSET=utf8mb4 COLLATE=utf8mb4_unicode_520_ci;

--
-- Dumping data for table `ebec_yoast_indexable_hierarchy`
--

INSERT INTO `ebec_yoast_indexable_hierarchy` VALUES (1,0,0,1),(2,0,0,1),(3,0,0,1),(4,0,0,1),(6,0,0,1),(8,0,0,1),(9,0,0,1),(10,0,0,1),(11,0,0,1),(12,0,0,1),(13,0,0,1),(14,0,0,1),(15,0,0,1),(16,0,0,1),(17,0,0,1),(18,0,0,1),(19,0,0,1),(20,0,0,1),(21,0,0,1),(22,0,0,1),(23,0,0,1),(24,0,0,1),(25,0,0,1),(26,0,0,1),(27,0,0,1),(28,0,0,1),(29,0,0,1),(30,0,0,1),(31,0,0,1),(32,0,0,1),(33,0,0,1),(34,0,0,1),(35,0,0,1),(36,0,0,1),(37,0,0,1),(38,0,0,1),(39,0,0,1),(40,0,0,1),(41,0,0,1),(42,0,0,1),(43,0,0,1),(44,0,0,1),(45,0,0,1),(46,0,0,1),(47,0,0,1),(48,0,0,1),(49,0,0,1),(50,0,0,1),(51,0,0,1),(52,0,0,1),(53,0,0,1),(54,0,0,1),(55,0,0,1),(56,0,0,1),(57,0,0,1),(58,0,0,1),(59,0,0,1),(60,0,0,1),(61,0,0,1),(62,0,0,1),(63,0,0,1),(64,0,0,1),(65,0,0,1),(66,0,0,1),(67,0,0,1),(68,0,0,1),(69,0,0,1),(70,0,0,1),(71,0,0,1),(72,0,0,1),(73,0,0,1),(74,0,0,1),(75,0,0,1),(76,0,0,1),(77,0,0,1),(80,0,0,1),(81,0,0,1),(82,0,0,1),(83,0,0,1),(84,0,0,1),(85,0,0,1),(86,0,0,1),(87,0,0,1),(88,0,0,1),(89,0,0,1),(90,0,0,1),(91,0,0,1),(92,0,0,1),(93,0,0,1),(94,0,0,1),(95,0,0,1),(96,0,0,1),(97,0,0,1),(98,0,0,1),(127,0,0,1),(128,0,0,1),(129,0,0,1),(130,0,0,1),(131,0,0,1),(132,0,0,1),(133,0,0,1),(134,0,0,1),(135,0,0,1),(136,0,0,1),(137,0,0,1),(138,0,0,1),(139,0,0,1);

--
-- Table structure for table `ebec_yoast_migrations`
--

CREATE TABLE `ebec_yoast_migrations` (
  `id` int(11) unsigned NOT NULL AUTO_INCREMENT,
  `version` varchar(191) DEFAULT NULL,
  PRIMARY KEY (`id`),
  UNIQUE KEY `gdsz_yoast_migrations_version` (`version`)
) ENGINE=InnoDB AUTO_INCREMENT=27 DEFAULT CHARSET=utf8mb4 COLLATE=utf8mb4_unicode_520_ci;

--
-- Dumping data for table `ebec_yoast_migrations`
--

INSERT INTO `ebec_yoast_migrations` VALUES (1,'20171228151840'),(2,'20171228151841'),(3,'20190529075038'),(25,'20190715101200'),(4,'20191011111109'),(5,'20200408101900'),(6,'20200420073606'),(7,'20200428123747'),(8,'20200428194858'),(9,'20200429105310'),(10,'20200430075614'),(11,'20200430150130'),(12,'20200507054848'),(13,'20200513133401'),(14,'20200609154515'),(15,'20200616130143'),(16,'20200617122511'),(17,'20200702141921'),(18,'20200728095334'),(19,'20201202144329'),(20,'20201216124002'),(21,'20201216141134'),(22,'20210817092415'),(26,'20210827093024'),(23,'20211020091404'),(24,'20230417083836');

--
-- Table structure for table `ebec_yoast_primary_term`
--

CREATE TABLE `ebec_yoast_primary_term` (
  `id` int(11) unsigned NOT NULL AUTO_INCREMENT,
  `post_id` bigint(20) DEFAULT NULL,
  `term_id` bigint(20) DEFAULT NULL,
  `taxonomy` varchar(32) NOT NULL,
  `created_at` datetime DEFAULT NULL,
  `updated_at` timestamp NOT NULL DEFAULT current_timestamp() ON UPDATE current_timestamp(),
  `blog_id` bigint(20) NOT NULL DEFAULT 1,
  PRIMARY KEY (`id`),
  KEY `post_taxonomy` (`post_id`,`taxonomy`),
  KEY `post_term` (`post_id`,`term_id`)
) ENGINE=InnoDB DEFAULT CHARSET=utf8mb4 COLLATE=utf8mb4_unicode_520_ci;

--
-- Dumping data for table `ebec_yoast_primary_term`
--


--
-- Table structure for table `ebec_yoast_prominent_words`
--

CREATE TABLE `ebec_yoast_prominent_words` (
  `id` int(11) unsigned NOT NULL AUTO_INCREMENT,
  `stem` varchar(191) DEFAULT NULL,
  `indexable_id` int(11) unsigned DEFAULT NULL,
  `weight` float DEFAULT NULL,
  PRIMARY KEY (`id`),
  KEY `stem` (`stem`),
  KEY `indexable_id` (`indexable_id`),
  KEY `indexable_id_and_stem` (`indexable_id`,`stem`)
) ENGINE=InnoDB DEFAULT CHARSET=utf8mb3 COLLATE=utf8mb3_general_ci;

--
-- Dumping data for table `ebec_yoast_prominent_words`
--


--
-- Table structure for table `ebec_yoast_seo_links`
--

CREATE TABLE `ebec_yoast_seo_links` (
  `id` bigint(20) unsigned NOT NULL AUTO_INCREMENT,
  `url` varchar(255) DEFAULT NULL,
  `post_id` bigint(20) unsigned DEFAULT NULL,
  `target_post_id` bigint(20) unsigned DEFAULT NULL,
  `type` varchar(8) DEFAULT NULL,
  `indexable_id` int(11) unsigned DEFAULT NULL,
  `target_indexable_id` int(11) unsigned DEFAULT NULL,
  `height` int(11) unsigned DEFAULT NULL,
  `width` int(11) unsigned DEFAULT NULL,
  `size` int(11) unsigned DEFAULT NULL,
  `language` varchar(32) DEFAULT NULL,
  `region` varchar(32) DEFAULT NULL,
  PRIMARY KEY (`id`),
  KEY `link_direction` (`post_id`,`type`),
  KEY `indexable_link_direction` (`indexable_id`,`type`)
) ENGINE=InnoDB AUTO_INCREMENT=21 DEFAULT CHARSET=utf8mb3 COLLATE=utf8mb3_general_ci;

--
-- Dumping data for table `ebec_yoast_seo_links`
--

INSERT INTO `ebec_yoast_seo_links` VALUES (1,'https://buffettworldwide.com/selection.html#collapseOne',5909,NULL,'external',8,NULL,NULL,NULL,NULL,NULL,NULL),(2,'https://buffettworldwide.com/selection.html#collapseTwo',5909,NULL,'external',8,NULL,NULL,NULL,NULL,NULL,NULL),(3,'https://buffettworldwide.com/selection.html#collapseThree',5909,NULL,'external',8,NULL,NULL,NULL,NULL,NULL,NULL),(4,'https://hathawayhealthcare.net/contact-us/',344,6464,'internal',3,1,NULL,NULL,NULL,NULL,NULL),(5,'https://hathawayhealthcare.net/about-us/',344,6445,'internal',3,4,NULL,NULL,NULL,NULL,NULL),(6,'mailto:INFO@HathawayHealthcareStaffing.com',6464,NULL,'external',1,NULL,NULL,NULL,NULL,NULL,NULL),(7,'https://hathawayhealthcare.net/',6464,NULL,'internal',1,2,NULL,NULL,NULL,NULL,NULL),(13,'https://hathawayhealthcare.net/wp-admin/admin.php?page=forminator-cform-wizard&#038;id=6182',6464,NULL,'internal',1,NULL,NULL,NULL,NULL,NULL,NULL),(15,'https://hathawayhealthcare.net/contact-us/',5909,6464,'internal',8,1,NULL,NULL,NULL,NULL,NULL),(16,'https://www.facebook.com/profile.php?id=61567744087737',6464,NULL,'external',1,NULL,NULL,NULL,NULL,NULL,NULL),(17,'https://www.instagram.com/hathawayhealthcarestaffing/?next=%2F',6464,NULL,'external',1,NULL,NULL,NULL,NULL,NULL,NULL),(18,'https://hathawayhealthcare.net/wp-content/uploads/2024/09/10-Photoroom-e1726467057499.png',6464,6546,'image-in',1,NULL,157,470,65396,NULL,NULL),(19,'https://hathawayhealthcare.net/about-us/',6268,6445,'internal',11,4,NULL,NULL,NULL,NULL,NULL),(20,'https://hathawayhealthcare.net/contact-us/',6268,6464,'internal',11,1,NULL,NULL,NULL,NULL,NULL);


